.
13
Let a(v) = 416*v - 273. Let s(j) = -23*j + 15. Let l(m) = -5*a(m) - 91*s(m). Let q = 3 + -2. What is l(q)?
13
Suppose 2*v - 4*v - 5*f - 13 = 0, 3*f = 5*v - 45. Let u(a) be the third derivative of a**5/60 - a**4/3 - 5*a**3/6 - 2*a**2. Calculate u(v).
-17
Let a(z) = 5 + 60*z + 3*z**2 - 4*z**2 - 54*z. Determine a(4).
13
Suppose 4*m = -11 - 9. Let x(q) = q**3 + 5*q**2 + 1. Let g be x(m). Let k(u) = 4*u**3 - u**2 + 2*u - 1. Determine k(g).
4
Suppose 7 = -3*o + 4. Let p = o + 5. Let c(j) = 5*j - 5. Determine c(p).
15
Let h(q) be the third derivative of -q**5/120 - q**4/6 - 5*q**3/2 - 37*q**2. Let b(u) be the first derivative of h(u). Calculate b(-5).
1
Let l(g) = 10 + 17 - 17 - g**2 + 11*g. What is l(12)?
-2
Let l(t) = t**2 - 2*t + 2. Let q be l(2). Suppose 5*j - 105 = -q*j. Let u(o) = -j*o + 2*o + 11*o. Calculate u(-4).
8
Let f(m) = m**2 - 9*m - 20. Let y(c) = c**3 - 13*c**2 - 10*c + 141. Let q be y(13). Give f(q).
2
Let i(p) be the second derivative of -p**3 + p**2 + 130*p. Determine i(3).
-16
Let d(i) = -i**2 + 2*i + 6. Let o(h) = -2*h**2 - 22*h - 55. Let z be o(-5). Give d(z).
-9
Let g(n) = n - 2. Let c(y) = y**2 - 8*y + 22. Let d(w) = -2*c(w) - 22*g(w). Determine d(-4).
-8
Let g(m) be the first derivative of -m**6/120 - 2*m**5/15 + 3*m**4/8 + 5*m**3/6 - m**2/2 - 3. Let y(u) be the second derivative of g(u). What is y(-9)?
5
Suppose 20 = 8*m - 3*m. Suppose 1 = 5*h - m. Let u(a) = -7*a - 16*a**2 + h + 23*a**2 + 0 - a**3. What is u(6)?
-5
Let t(y) = -y**2 + 9*y + 23. Let k be t(11). Let v(g) = 26*g**3 + g**2 - 1. What is v(k)?
26
Let o(m) = -7*m**3 - 3*m**2 + 9*m - 2. Let w(t) = 20*t**3 + 9*t**2 - 26*t + 5. Let f(x) = 17*o(x) + 6*w(x). Calculate f(-4).
-8
Let k(z) = -z - 164*z**3 - 172*z**3 - 19 + 19 + 337*z**3 - 7*z**2. Suppose 0 = -2*v - 0*v + 4. Suppose 0 = -2*c + m + 12, v*m + m = 2*c - 8. Give k(c).
-7
Let c(m) = m**2 + 8*m + 6. Let s be (-2)/(1 - (-42)/(-38)). Suppose s = -4*q + 3*u, -3*u = 2*q - 7*u + 2. Determine c(q).
-1
Let z(o) = o**2 - o + 14. Let f = -417 - -417. Determine z(f).
14
Let n(s) = -2*s + 2. Let v = 85 + -112. Suppose 104 - 36 = -2*z. Let d = v - z. Give n(d).
-12
Let a(c) = -c**2 - 2*c**3 + 0*c**2 + 7*c**3. Suppose 51*n - 72*n + 6 + 15 = 0. Calculate a(n).
4
Let l be 4/(-18) + (-854)/126. Let h(s) be the third derivative of s**4/24 + 5*s**3/3 + s**2. What is h(l)?
3
Let y(j) = -j + 28. Let w(z) = -z**3 + 16*z**2 + 36*z + 21. Let c be w(18). Give y(c).
7
Let j(k) be the third derivative of 0 - 1/3*k**3 + 0*k + 1/24*k**4 + 10*k**2 - 1/12*k**5. Let w(d) be the first derivative of j(d). Calculate w(1).
-9
Let m be 2/(-14) - (3174/21)/(-1). Let u(x) = -72*x + m*x - 78*x - 6. What is u(-5)?
-11
Let x(i) = i**3 - 14*i**2 + 14*i + 20. Let r be x(12). Let t = 100 + r. Let q(v) = -v**2 - 2. Give q(t).
-2
Let c = 54 - 52. Suppose -c*x - 3*z = 14, 0 = 2*x - 0*x - 4*z. Let m(u) = -u + 2. Give m(x).
6
Let k(f) = 41*f + 7 + 42*f - 123*f + 43*f. Determine k(-5).
-8
Let s(u) = -9. Let m(a) = a - 9. Let h(c) = 4*m(c) - 5*s(c). Determine h(-3).
-3
Let c(a) = -a**2 - 4*a + 7. Let b(r) = 30*r + 30*r - 9 - 61*r. Let p be b(-3). Determine c(p).
-5
Suppose 4 = 4*s, -1 + 3 = 5*x + 2*s. Let m(u) = 2 + 2*u**2 - 2*u + x - 1. Suppose -3*n - 3*q + 12 = -0*n, 5*n = 5*q. What is m(n)?
5
Let c(i) = 0 - 30*i + 4 + 40*i. Let z be c(-3). Let k = z - -32. Let m(o) = -o**2 + 8*o - 5. What is m(k)?
7
Let p be 1 - -4*2/(-8)*-2. Let m(y) = -y + p*y - 7 + 2*y + 6. Determine m(-3).
-13
Let t(x) = 49*x**3 + 18*x + 11. Let p(h) = 25*h**3 + 8*h + 5. Let w(g) = 9*p(g) - 4*t(g). What is w(-1)?
-28
Let y be (6/(0 + -1) - -10) + -9. Let b(l) = -l**2 - 4*l + 3. What is b(y)?
-2
Let v(f) = f**3 - f**2 + f + 3. Let q(d) = -d**3 + 7*d**2 + 2*d - 1. Let g(c) = q(c) + 2*v(c). Give g(-5).
-15
Let g(y) = y**3 + y**2 + 4. Let p be (-86)/10 - -8 - (-6)/10. Calculate g(p).
4
Let n(t) be the third derivative of -t**6/120 - 7*t**5/60 + t**4/8 + t**3/3 - 18*t**2 + t. Calculate n(-6).
-52
Let j(a) be the first derivative of -4 + 4/3*a**3 - 1/2*a**4 - 1/2*a**2 + 0*a. What is j(3)?
-21
Let q(v) = -5*v - 4. Let a = -400 + 399. Determine q(a).
1
Let t(z) = -543*z + 268*z + 274*z + 2. Suppose d - 9 = -2*d. Give t(d).
-1
Let y(u) = u**3 - 8*u**2 - 8*u - 2. Let f be y(9). Let x(v) = v**2 - 9*v + 7. What is x(f)?
-7
Let i(u) = -26*u - 1 + 61*u - 36*u. What is i(14)?
-15
Let k(s) = 0*s**3 - 16 - 12 - 11*s - s**3 + 36 - 9*s**2 + 2*s**3. What is k(10)?
-2
Let j(v) = 6*v**3 - 12*v**2 + 9*v - 5. Let l(u) = -4 - 7*u + 5*u**3 - u - 11*u**2 + 17*u. Let x(s) = 6*j(s) - 7*l(s). Determine x(-6).
16
Let y be (102/(-4))/(12/(-16)). Suppose 0 = o - 3*t - 14, 0 = -5*o - t + y - 12. Let n(x) = x. Determine n(o).
5
Let r(w) = -w - 1. Let y be r(-8). Let p(s) be the second derivative of -s**4/12 + s**3 - 5*s**2/2 + s - 20. Calculate p(y).
-12
Let i = 5 - 1. Suppose -i = -s + 1. Let m(c) = 3 + 1 + 2 + s*c**2 - 5. Determine m(1).
6
Let i(n) = -4*n + 1234 + 2*n - 3*n - 1259 + n. Give i(-6).
-1
Let f(w) = 10 - 7*w**2 - 39 + 16 + 0*w**2 + w**3 + 8. Give f(6).
-41
Let o(c) = -2*c + 9. Suppose -4*b - 7 = 3*r + 2*r, b + 7 = -3*r. Let s(g) = -2*g**3 - 6*g**2 + 7. Let w be s(r). What is o(w)?
-5
Let j be 102/(-27) - 2/9. Let x(l) be the second derivative of -l**4/24 + 5*l**3/6 + 13*l**2/2 - 39*l. Let f(q) be the first derivative of x(q). Give f(j).
9
Suppose 4*q + 19 = s, 3*q + s = -0*q - 16. Let k = q + 5. Let x(w) = -w + w**3 + 31*w**2 + 1 + k*w - 31*w**2. What is x(-2)?
-5
Let f(c) = c**2 - 4*c. Suppose 78 = 90*b - 64*b. Give f(b).
-3
Let f = -1 + 1. Let p = f + -7. Let i(j) = 10*j + 7*j + 13 - 10 - 16*j. Determine i(p).
-4
Let y(o) = o**3 - 9*o**2 - 12*o + 19. Suppose 2*b - 40 = -3*u, -2*b - 3*b = -5*u + 25. Determine y(u).
-1
Let n be 145/10 - (-2)/(-4). Let l(s) = -4*s**2 - n*s**3 - 6*s**3 - 2 + 19*s**3 + 2*s + 8. Determine l(-4).
-2
Let k(m) = -m**2 - 2*m + 105. Let l be k(9). Let o(n) = -n**3 + 5*n**2 + 3*n + 6. Determine o(l).
-12
Let h(g) be the second derivative of -g**5/20 + 5*g**4/12 + 3*g**3/2 - 7*g**2/2 - 15*g. Calculate h(6).
11
Let b(n) = n**3 - 3*n**2 - 2*n + 1. Suppose -5*y + 3*i = 2*i - 9, -y - 2 = -4*i. Calculate b(y).
-7
Let l(t) = -5*t**3 + 19*t**2 + 32*t + 15. Let h(g) = -2*g**3 + 6*g**2 + 12*g + 5. Let x(k) = 8*h(k) - 3*l(k). What is x(-9)?
-5
Let s(b) = -16*b + 4. Let c be s(7). Let m be 2/(-3) - (-6)/(c/78). Let t(l) = l**2 + 6*l + 7. Give t(m).
2
Suppose -c - 4 = -p - 3, 0 = -3*c + p - 11. Let n(m) = 4*m**2 - 3*m - 8. Let v(a) = -3*a**2 + 3*a + 7. Let g(b) = c*v(b) - 4*n(b). Calculate g(-5).
-13
Let o(c) = c**2 + 7*c + 4. Suppose 7*h + 7 = -14. Calculate o(h).
-8
Let d(c) = -18 + 8 - 5*c + 2 + 4*c. What is d(0)?
-8
Let a(k) = -6*k**3 - 11*k**2 - 7*k - 9. Let r(h) = h**3 + h**2 + h. Let o(s) = a(s) + 5*r(s). Let x = 6852 + -6858. Calculate o(x).
3
Let v(d) = d**3 - 5*d**2 - 9*d + 8. Let g be (32/(-12) + 3)*6. Suppose -3*o + 10 = 3*m + 40, -22 = g*o + m. Let n(t) = -t - 6. Let f be n(o). Calculate v(f).
-10
Let h(w) = -w + 2. Let x(u) = -u**3 + 7*u**2 + 3*u - 16. Let v be x(7). Let d be h(v). Let b(r) = -2*r**2 - 2*r + 3. Give b(d).
-9
Let q(t) = 2*t**2 - 3*t - 2. Let f be q(2). Let z(s) be the third derivative of 1/24*s**4 + 0*s - 4*s**2 + s**3 + 0. Calculate z(f).
6
Let v(p) = p**3 + 7*p**2 + 5*p - 3. Let n(w) = -w**2 + 18*w + 34. Let g be n(20). Give v(g).
3
Let k(f) = -4*f**2 - 3*f - 5. Let d(n) = -2 + 1 + 0 - 3*n**2 - n + 2*n**2. Let h(j) = -3*d(j) + k(j). Calculate h(2).
-6
Let p(m) = 0*m**2 - 2*m + 0*m**2 - 2*m**2 + 85 - 10*m**3 - 86. What is p(-1)?
9
Let a(d) = d - 20. Let k(b) = 2. Let l(w) = a(w) + 3*k(w). Determine l(21).
7
Suppose 4*t - 9 - 3 = 0. Let p(h) be the second derivative of 1/2*h**t - h - 1/6*h**4 + h**2 + 0. Calculate p(3).
-7
Let d(n) = 0*n + 13 + 65*n**2 - 10 + 2*n - 3*n**3 - 64*n**2. What is d(-2)?
27
Let y(r) be the third derivative of -r**4/24 - 2*r**3/3 + 5*r**2 - 24*r. Calculate y(-12).
8
Let j(b) = b**2 + 8*b - 3. Let v(k) = -30*k - 5*k**2 + 31*k - 4*k**2 - k**3 + 17. Let q be v(-9). Let h = -16 + q. Calculate j(h).
-3
Let d(v) = -v + 15. Let h be (60/25)/((-4)/(-80)*4). Calculate d(h).
3
Suppose -55*q = -54*q - 1. Let x(y) = -y**2 - 7*y + 7. Let u(o) = 1. Let z(d) = q*x(d) - 4*u(d). Determine z(-7).
3
Let w(i) = -4 + 3 + 0 - i**3 + 5*i - 6*i. Let b(a) = -